ite number?
True
Is 6673 a prime number?
True
Is 3989 composite?
False
Is 1511 a prime number?
True
Is 28349 composite?
False
Is 2796785 prime?
False
Is 228527 prime?
False
Is 25979 a composite number?
True
Is 794471 prime?
True
Is 37709 a prime number?
False
Is 15986 composite?
True
Is 20953 a composite number?
True
Is 2007163 composite?
True
Is 121003 a prime number?
False
Is 9491 prime?
True
Is 997991 a composite number?
False
Is 5213 prime?
False
Is 49 composite?
True
Is 213709 a composite number?
True
Is 26681 composite?
False
Is 5981 a composite number?
False
Is 18301 a composite number?
False
Is 48497 a composite number?
False
Is 2657 a prime number?
True
Is 14143 composite?
False
Is 947233 composite?
True
Is 1497047 a composite number?
True
Is 2221 a composite number?
False
Is 183611 a composite number?
False
Is 33 a composite number?
True
Is 831067 a composite number?
False
Is 30427 a composite number?
False
Is 3163 composite?
False
Is 34631 composite?
False
Is 2939 prime?
True
Is 12499 a prime number?
False
Is 5069 a prime number?
False
Is 200983 a prime number?
True
Is 64091 a composite number?
False
Is 32497 a composite number?
False
Is 491 prime?
True
Is 37163 a composite number?
True
Is 189887 composite?
False
Is 50221 a prime number?
True
Is 71779 composite?
True
Is 3779 prime?
True
Is 212959 composite?
True
Is 47207 a prime number?
True
Is 92821 prime?
True
Is 210415 a composite number?
True
Is 344039 a prime number?
True
Is 97618 composite?
True
Is 90787 a composite number?
False
Is 1403981 a prime number?
True
Is 16057 prime?
True
Is 8039 a composite number?
False
Is 5879 prime?
True
Is 66743 composite?
True
Is 69313 composite?
False
Is 23993 prime?
True
Is 2304073 composite?
True
Is 345637 a composite number?
False
Is 87871 prime?
False
Is 43037 composite?
False
Is 174929 a composite number?
False
Is 83289 a composite number?
True
Is 1144597 a prime number?
False
Is 1259 a prime number?
True
Is 1673 a composite number?
True
Is 4105 a composite number?
True
Is 4267 a composite number?
True
Is 156449 a prime number?
False
Is 14969 composite?
False
Is 6502 prime?
False
Is 1275601 prime?
True
Is 491 a prime number?
True
Is 62207 composite?
False
Is 21377 prime?
True
Is 74179 a composite number?
True
Is 184259 a prime number?
True
Is 222653 composite?
True
Is 230999 a composite number?
False
Is 118127 composite?
False
Is 674 prime?
False
Is 295513 a prime number?
True
Is 3166679 composite?
False
Is 39139 prime?
True
Is 485 composite?
True
Is 443957 a composite number?
True
Is 51877 a prime number?
False
Is 20737 a prime number?
False
Is 150697 a composite number?
False
Is 40543 composite?
False
Is 10979 a composite number?
False
Is 17681 a prime number?
True
Is 68207 composite?
False
Is 69163 composite?
False
Is 285529 a composite number?
True
Is 24659 composite?
False
Is 177437 a composite number?
True
Is 20609 composite?
True
Is 124094 prime?
False
Is 570569 composite?
False
Is 225569 prime?
True
Is 151121 a prime number?
True
Is 12451 a prime number?
True
Is 11769 prime?
False
Is 6805 prime?
False
Is 1381 composite?
False
Is 554167 composite?
False
Is 375829 composite?
True
Is 4637 a composite number?
False
Is 856169 a composite number?
False
Is 45091 composite?
True
Is 10007 prime?
True
Is 39089 composite?
False
Is 1073 prime?
False
Is 12197 a composite number?
False
Is 359 a prime number?
True
Is 756831 composite?
True
Is 147083 composite?
False
Is 474137 composite?
False
Is 4241 a prime number?
True
Is 197759 a prime number?
True
Is 937655 a prime number?
False
Is 8057 a composite number?
True
Is 445261 a composite number?
False
Is 4049 a composite number?
False
Is 1169 a prime number?
False
Is 77381 a prime number?
False
Is 1210229 a prime number?
True
Is 31847 composite?
False
Is 2713673 prime?
True
Is 1790774 a prime number?
False
Is 261689 composite?
True
Is 67957 a composite number?
False
Is 207923 composite?
False
Is 4777 a composite number?
True
Is 8731 prime?
True
Is 81071 composite?
False
Is 12149 a composite number?
False
Is 205311 prime?
False
Is 80141 a prime number?
True
Is 11463 a prime number?
False
Is 408403 a prime number?
True
Is 117911 prime?
True
Is 642281 prime?
True
Is 679997 prime?
False
Is 42529 composite?
True
Is 18779 a prime number?
False
Is 838 prime?
False
Is 173533 prime?
False
Is 25657 a prime number?
True
Is 52147 a prime number?
True
Is 6443 composite?
True
Is 331769 a prime number?
True
Is 26327 a prime number?
False
Is 32161 composite?
True
Is 65761 a composite number?
False
Is 464801 a prime number?
True
Is 15 prime?
False
Is 787231 prime?
False
Is 3569 composite?
True
Is 28973 prime?
False
Is 418685 a composite number?
True
Is 203969 prime?
True
Is 10061 a prime number?
True
Is 2529973 a composite number?
True
Is 128891 prime?
False
Is 123793 a composite number?
True
Is 377 a composite number?
True
Is 808837 a prime number?
True
Is 100693 a composite number?
False
Is 3266017 composite?
True
Is 83497 prime?
True
Is 6121 a composite number?
False
Is 3557 composite?
False
Is 86753 a prime number?
True
Is 2741 prime?
True
Is 66574 a prime number?
False
Is 1097035 prime?
False
Is 4874 a prime number?
False
Is 16637 a composite number?
True
Is 28403 composite?
False
Is 1216957 composite?
True
Is 44389 a prime number?
True
Is 455681 composite?
False
Is 36221 composite?
True
Is 16141 a prime number?
True
Is 383261 a prime number?
True
Is 23207 prime?
False
Is 10007 a prime number?
True
Is 12353 a prime number?
False
Is 201473 prime?
True
Is 78643 prime?
True
Is 6755123 a composite number?
True
Is 198977 composite?
False
Is 20477 a prime number?
True
Is 216143 prime?
False
Is 2539 a composite number?
False
Is 632846 composite?
True
Is 4442 a prime number?
False
Is 156733 a composite number?
False
Is 464069 prime?
True
Is 236609 prime?
True
Is 7499 composite?
False
Is 8581 a composite number?
False
Is 886679 composite?
True
Is 53894 composite?
True
Is 581069 prime?
True
Is 6421 a composite number?
False
Is 56195 a prime number?
False
Is 364373 a composite number?
False
Is 5153 a composite number?
False
Is 479071 a prime number?
False
Is 1041 a composite number?
True
Is 2815 a composite number?
True
Is 388891 a composite number?
False
Is 473089 prime?
True
Is 52869 a composite number?
True
Is 8843 composite?
True
Is 65353 prime?
True
Is 901 prime?
False
Is 37811 a composite number?
False
Is 672701 a prime number?
False
Is 123887 prime?
True
Is 1892503 a composite number?
False
Is 10189 a composite number?
True
Is 201731 prime?
True
Is 524333 a prime number?
False
Is 23801 prime?
True
Is 8039 composite?
False
Is 12323 composite?
False
Is 202415 a composite number?
True
Is 138863 a composite number?
False
Is 118631 a composite number?
True
Is 6333 a composite number?
True
Is 2503 composite?
False
Is 32869 composite?
False
Is 2539961 a prime number?
True
Is 53141 a composite number?
True
Is 8605 a composite number?
True
Is 578117 composite?
False
Is 30541 prime?
False
Is 240809 a composite number?
True
Is 257813 composite?
True
Is 723959 prime?
True
Is 88493 prime?
True
Is 30863 a composite number?
True
Is 118282 composite?
True
Is 18839 a prime number?
True
Is 218587 prime?
False
Is 34721 prime?
True
Is 5623 a composite number?
False
Is 15901 prime?
True
Is 50317 composite?
True
Is 100563 a prime number?
False
Is 17566 prime?
False
Is 141539 a prime number?
True
Is 11411 prime?
True
Is 5833 a composite number?
True
Is 62547 prime?
False
Is 142931 composite?
True
Is 3343 composite?
False
Is 11213 a composite number?
False
Is 288241 composite?
False
Is 482039 a prime number?
True
Is 11519 a composite number?
False
Is 3329 a prime number?
True
Is 34873 composite?
True
Is 199583 prime?
True
Is 19289 composite?
False
Is 3317 a composite number?
True
Is 11379 composite?
True
Is 929539 a prime number?
False
Is 1184069 prime?
True
Is 2125601 composite?
False
Is 14165 prime?
False
Is 54437 composite?
False
Is 125551 prime?
True
Is 1061453 prime?
True
Is 603431 a composite number?
False
Is 195631 a composite number?
True
Is 7499 a composite number?
False
Is 623 prime?
False
Is 103951 a prime number?
True
Is 1357507 a composite number?
False
Is 219399 a prime number?
False
Is 5779 composite?
False
Is 18061